243403322044
In base 8, what is -53030257 + -3?
-53030262
In base 8, what is 35244 + -2630?
32414
In base 10, what is 92908 - 65?
92843
In base 9, what is 4 - 4463346?
-4463342
In base 12, what is -4b5389 + 21?
-4b5368
In base 9, what is 1117278 - -282?
1117571
In base 11, what is -5127 - 5751?
-a878
In base 8, what is 121 + 6772522?
6772643
In base 2, what is -11 + -1000000000000001111111011?
-1000000000000001111111110
In base 9, what is 0 - -47145341?
47145341
In base 16, what is -5 - 242f34?
-242f39
In base 14, what is -5d1a235 + -1?
-5d1a236
In base 15, what is d - -1a14cd?
1a14db
In base 16, what is -23935 - 30?
-23965
In base 9, what is 31301111 + 5?
31301116
In base 2, what is -1110100100 + -101011001110001?
-101101000010101
In base 14, what is -18506 + 107b?
-17469
In base 12, what is 38 - 1637a3?
-163767
In base 12, what is b213 - 16a?
b065
In base 14, what is 14b726 + 117?
14b83d
In base 8, what is 520050 - -213?
520263
In base 16, what is 2 + -9b50735?
-9b50733
In base 16, what is -111d6 - 411?
-115e7
In base 3, what is -1 - 20011022101011?
-20011022101012
In base 9, what is 60345 + -5025?
54320
In base 13, what is -1b8 - c7b8?
-c9a3
In base 6, what is 2450 - -53024505?
53031355
In base 7, what is -225361023 + 2?
-225361021
In base 15, what is -101 - -18b951?
18b850
In base 2, what is -11 - -11100110110011010011?
11100110110011010000
In base 10, what is 32 + -41916944?
-41916912
In base 6, what is 12 - -10425303?
10425315
In base 11, what is -1383a1 - -135?
-138267
In base 2, what is -100110 - 1010000010110001110010011?
-1010000010110001110111001
In base 15, what is 36227 - -ac?
362d4
In base 9, what is -1441 + -6078?
-7530
In base 7, what is -4 + -40066151?
-40066155
In base 15, what is 320c9 + -116?
31eb3
In base 2, what is 1011001 - -110011000?
111110001
In base 5, what is 12233001 + 21?
12233022
In base 12, what is 355 + 140?
495
In base 13, what is -70cb6c1 - 6?
-70cb6c7
In base 11, what is -1294aa + -15?
-129514
In base 13, what is 8 + 3208226?
3208231
In base 6, what is 523 - 4351035?
-4350112
In base 12, what is -37 + 6b36a6a?
6b36a33
In base 2, what is -1001 - 1110101110010010110101?
-1110101110010010111110
In base 8, what is -341253414 + -1?
-341253415
In base 5, what is 13210414422 - 10?
13210414412
In base 15, what is a6a + -379b6?
-36e4b
In base 11, what is 76 - 23a857?
-23a791
In base 11, what is -9a66215a + 5?
-9a662155
In base 9, what is 281 - 3610812?
-3610521
In base 9, what is 51550633 + -12?
51550621
In base 14, what is -3 - 1bc439c7?
-1bc439ca
In base 5, what is -1011013022 - -10?
-1011013012
In base 9, what is 1842 + 367303?
370245
In base 5, what is 24012304 + 21?
24012330
In base 4, what is -2320 + 10020202233?
10020133313
In base 3, what is 122200 - 1021000221?
-1020101021
In base 13, what is -4383 + -71?
-4424
In base 9, what is -551 - -34773?
34222
In base 2, what is 1 - 1100100001110101011011?
-1100100001110101011010
In base 3, what is -12 + -1020221200212?
-1020221201001
In base 14, what is -5 + 224d77?
224d72
In base 13, what is 2 + 8bab756?
8bab758
In base 3, what is 2 + 20222011221202?
20222011221211
In base 5, what is -4 + 212000011332?
212000011323
In base 15, what is 1ce4 - -104?
1de8
In base 7, what is 3462460 - -3?
3462463
In base 5, what is -110404000 - 1040?
-110410040
In base 2, what is -10010111001010001 + -100010110100?
-10011011100000101
In base 10, what is 170 - -27995?
28165
In base 5, what is 13342 + -211013303?
-210444411
In base 4, what is 10203033321 + 2333?
10203102320
In base 12, what is -2b06a86 + -7?
-2b06a91
In base 8, what is 114 + 141731?
142045
In base 15, what is -2 + -4322741?
-4322743
In base 9, what is -43 - 154152?
-154205
In base 2, what is 10111111100101 - 100110101010?
10011000111011
In base 15, what is 63262d + 9?
632637
In base 2, what is -100001101001101 + -11000010101?
-100100101100010
In base 15, what is -41 - -57a03d?
579eec
In base 14, what is -21ba5 - 716?
-224bb
In base 3, what is -12 + 22111221022222112?
22111221022222100
In base 14, what is 70ab + -5331?
1b7a
In base 13, what is -193 - 2a3?
-466
In base 11, what is -19787250 - -3?
-19787248
In base 15, what is -1204 + -8a?
-128e
In base 10, what is -18 + -188058?
-188076
In base 10, what is 17410058 + 0?
17410058
In base 3, what is 10 - 102002100000?
-102002022220
In base 10, what is 8469551 + 0?
8469551
In base 10, what is 8218 + -3851?
4367
In base 12, what is 525717 - -1?
525718
In base 8, what is -4015463 - -60?
-4015403
In base 9, what is -270485620 - -4?
-270485615
In base 3, what is -212220112 + 2201110?
-210012002
In base 6, what is 2533153243 + 2?
2533153245
In base 11, what is -11 + 5999895?
5999884
In base 8, what is 7533620 - -7?
7533627
In base 9, what is -485615 + -2107?
-487723
In base 13, what is 7 - 25b6289?
-25b6282
In base 4, what is -10 + 30103022010?
30103022000
In base 16, what is f93902 - 8?
f938fa
In base 7, what is -2063036656 - -4?
-2063036652
In base 7, what is 31 + 21322066?
21322130
In base 13, what is -1b154c50 + 4?
-1b154c49
In base 9, what is 2 - 11602420?
-11602417
In base 8, what is -23510724 - 4?
-23510730
In base 14, what is 10357 + 1700?
11a57
In base 13, what is 5 + c823465?
c82346a
In base 13, what is 4ac06214 + 2?
4ac06216
In base 7, what is -1414502115 + 1?
-1414502114
In base 14, what is -3 + -247a688?
-247a68b
In base 7, what is 224 + 22004324?
22004551
In base 4, what is 10111130121 - -11301?
10111202022
In base 3, what is 2001111211200 + -11?
2001111211112
In base 2, what is 10 + -11110100000111110100011?
-11110100000111110100001
In base 4, what is 2033020322 - 11?
2033020311
In base 3, what is -10210001 + 1101220?
-2101011
In base 6, what is 501 - 102355?
-101454
In base 14, what is -b2757 - 35?
-b278c
In base 15, what is -3722 - a9?
-37cb
In base 10, what is 9957 + 243?
10200
In base 12, what is 31 - -61179?
611aa
In base 9, what is 843402 + 2721?
846223
In base 9, what is 2861885 - -3?
2861888
In base 3, what is -101112 + 202010121?
201202002
In base 8, what is -72073 + 1612?
-70261
In base 8, what is 30 + 562464?
562514
In base 4, what is 12321320131220 + 11?
12321320131231
In base 16, what is 20ae - -81b?
28c9
In base 15, what is c574 + 411?
c985
In base 12, what is -39156 + -1b?
-39175
In base 13, what is 2abb - 1799?
1322
In base 4, what is -1102 + -10301320?
-10303022
In base 14, what is -144698 - -2c?
-14466a
In base 7, what is -20141 + -123005?
-143146
In base 11, what is 15983 - 136a?
14614
In base 3, what is -111001210022211 + -10?
-111001210022221
In base 15, what is -82623c3 - 5?
-82623c8
In base 4, what is -203 + -2000021020?
-2000021223
In base 13, what is 12463 + 25?
12488
In base 13, what is 124 + 49555?
49679
In base 3, what is 202222012 - -20211112?
1000210201
In base 3, what is 201 + -200022211222000?
-200022211221022
In base 9, what is 138557170 - 0?
138557170
In base 2, what is -10101101 + -1100001100011010011101?
-1100001100011101001010
In base 15, what is 15b45e + -a?
15b454
In base 14, what is 27db02 - -4?
27db06
In base 3, what is 100101 - -201210201210?
201211002011
In base 9, what is 3 - 3768134?
-3768131
In base 3, what is 1002102120112 + 10000?
1002102200112
In base 11, what is 16 + 501680a?
5016825
In base 9, what is -11228 + -180?
-11418
In base 12, what is 363851132 + -3?
36385112b
In base 5, what is 31 + -4104211?
-4104130
In base 7, what is 5602 - -260051?
265653
In base 8, what is 1213411 + -4?
1213405
In base 8, what is 16566 - -1313?
20101
In base 8, what is 1246345 - -1060?
1247425
In base 10, what is 4744 - -1056?
5800
In base 4, what is -10 - -32100320102?
32100320032
In base 12, what is 4 - -2671096?
267109a
In base 10, what is 1742599 + -146?
1742453
In base 6, what is -101110233 + 2?
-101110231
In base 5, what is -13 + -22023030330?
-22023030343
In base 14, what is 5 - -8c27a77?
8c27a7c
In base 14, what is -6872 - 8a10?
-11482
In base 4, what is 112300 - -1023132?
1202032
In base 7, what is 61110663201 - 4?
61110663164
In base 5, what is 114123020 + -13?
114123002
In base 2, what is 111001010010101100100 + 1?
111001010010101100101
In base 10, what is -226 + 42?
-184
In base 10, what is 22279 + 752?
23031
In base 2, what is 100000001111110000010 - 1001?
100000001111101111001
In base 6, what is -32405323 + 1001?
-324